2, what is a1a3 + 84a0?
16683
In base 8, what is -36500241 - -2?
-36500237
In base 2, what is -111011110000011000101 - 110?
-111011110000011001011
In base 4, what is -23 + -132201211310?
-132201211333
In base 7, what is 2613513 + 112?
2613625
In base 10, what is 7 + -72568717?
-72568710
In base 15, what is 51 - 591ad?
-5915c
In base 16, what is -2 + 7bec0?
7bebe
In base 15, what is -d54e5 + a3?
-d5442
In base 8, what is 4 - -10600752?
10600756
In base 2, what is -111010111111010100 + 1010?
-111010111111001010
In base 11, what is 3555a23 + -22?
3555a01
In base 11, what is -18 - -484397?
48437a
In base 10, what is 15535 + 814?
16349
In base 11, what is 189126 - 2?
189124
In base 16, what is -a976 + 308?
-a66e
In base 7, what is -2 - -456326215?
456326213
In base 2, what is 10011010110011111101100 + 0?
10011010110011111101100
In base 9, what is -1558 + 30776?
28217
In base 2, what is -1000010100 + -10011110101110010?
-10011111110000110
In base 11, what is -71a678 + 23?
-71a655
In base 6, what is -333044500 + -121?
-333045021
In base 15, what is -6 + 86676?
86670
In base 12, what is -48a00 - -90?
-48930
In base 14, what is c4 + d8540?
d8624
In base 8, what is -353476 - 2300?
-355776
In base 7, what is 1 + -236040521?
-236040520
In base 4, what is -1010222 - 130333111?
-132003333
In base 9, what is -66668 - -2371?
-64287
In base 15, what is 1c4c + 1776?
34c3
In base 14, what is -111a026 - -32?
-1119dd4
In base 12, what is -7b7 + -323a3?
-32b9a
In base 12, what is -4 - -498aab?
498aa7
In base 9, what is 8417227 + 2?
8417230
In base 14, what is 3d + 64556?
64595
In base 5, what is -10424234 - 120111?
-11044400
In base 5, what is 244121133023 - -4?
244121133032
In base 14, what is 24a199 + 1?
24a19a
In base 15, what is -143 + -23059?
-2319c
In base 11, what is -4a4 + 39a6?
3502
In base 9, what is -21545 + -702?
-22347
In base 5, what is 10314 + -240432?
-230113
In base 15, what is 1ac - 14ca50?
-14c893
In base 10, what is 231023 - 74?
230949
In base 14, what is -26cc2 + -62?
-26d44
In base 15, what is -282b5ce + -5?
-282b5d4
In base 8, what is 15 + -25076?
-25061
In base 12, what is -4 - 14535a4?
-14535a8
In base 8, what is 7763 - -1535?
11520
In base 9, what is -75176250 - 2?
-75176252
In base 7, what is -514101 - -61?
-514010
In base 15, what is -3c + a657?
a61a
In base 9, what is -27563 + 1065?
-26487
In base 3, what is -101022001001021 + -101?
-101022001001122
In base 16, what is -10e4c9 - -c?
-10e4bd
In base 4, what is 21123010213 - 233?
21123003320
In base 3, what is 22222200000000 + -10001?
22222122212222
In base 13, what is 4 + 166b4716?
166b471a
In base 8, what is 73000347 - -2?
73000351
In base 14, what is 985a0 - 155?
98449
In base 11, what is 75 - -235845?
23590a
In base 13, what is b4 - 1c595c?
-1c5878
In base 14, what is -77dd99 - 15b?
-780116
In base 5, what is -1422124141300 - 4?
-1422124141304
In base 12, what is -327 - -8406?
809b
In base 5, what is -10401002403 - 2?
-10401002410
In base 15, what is -1 - -3405022?
3405021
In base 11, what is -4 + 1301067a?
13010676
In base 3, what is 12100200021 - -12202221?
12120110012
In base 6, what is -3244154 - 31?
-3244225
In base 11, what is 3 + -4a45621?
-4a45619
In base 5, what is 110031142 - 21?
110031121
In base 10, what is -5 - 37424130?
-37424135
In base 14, what is 2828d - -14b?
283da
In base 2, what is -11010010 - 1100011000011?
-1100110010101
In base 3, what is 202000220211022 - 11?
202000220211011
In base 10, what is 315311818 + -5?
315311813
In base 13, what is 604 + 10cb?
1702
In base 11, what is 54699 - -299?
54987
In base 11, what is -2 - -823063?
823061
In base 11, what is 1430 + 23594a?
23727a
In base 14, what is -2570 - -21b?
-2353
In base 12, what is -1b161 - a15?
-1bb76
In base 15, what is 257586 + 19?
2575a0
In base 2, what is -1011010000000010100011 + -10110?
-1011010000000010111001
In base 6, what is -2 - -4301124313?
4301124311
In base 3, what is -112212111 + 1202202011?
1012212200
In base 14, what is 5 - a1121aa?
-a1121a5
In base 11, what is 399923 + -13a?
399794
In base 15, what is 5 - -21ce7393?
21ce7398
In base 9, what is -13385 + -8?
-13404
In base 12, what is -141a + 11b29?
1070b
In base 10, what is 222 + 162704?
162926
In base 9, what is -358435824 + 3?
-358435821
In base 2, what is -1001110011110100 - -100111110?
-1001101110110110
In base 13, what is -449010 + 0?
-449010
In base 15, what is 5 + 4ca04bb?
4ca04c1
In base 12, what is 4642261 + 5?
4642266
In base 16, what is 83e - c20?
-3e2
In base 2, what is 100101101011011010 + -1001?
100101101011010001
In base 3, what is -12110111201 - 1012?
-12110112220
In base 9, what is 44060 + 3351?
47421
In base 6, what is 1 + 345201554?
345201555
In base 13, what is 3b8b331 - 2?
3b8b32c
In base 5, what is 3134 - 1142401?
-1134212
In base 14, what is -378 + 1cb9?
1941
In base 9, what is -26512 - 34651?
-62263
In base 16, what is 51af84 - -5?
51af89
In base 5, what is 1220224 - -242?
1221021
In base 5, what is 110 + 131410143?
131410303
In base 2, what is 1010011001001010110 - 111010?
1010011001000011100
In base 4, what is -32230100330332 - 12?
-32230100331010
In base 2, what is -11100001011101110110110 - 1?
-11100001011101110110111
In base 9, what is -17618 - -182603?
163874
In base 9, what is 436 - -23211?
23647
In base 15, what is -579a10 + 1?
-579a0e
In base 3, what is 2200111011202 + -21002?
2200110220200
In base 5, what is -13 + -3323040213?
-3323040231
In base 12, what is 298140a - 76?
2981354
In base 2, what is 1011010011010001100 + -110001000000?
1011001101001001100
In base 16, what is e3b9f9 + 6?
e3b9ff
In base 16, what is 5a02f - -3c5?
5a3f4
In base 14, what is 4 + 769c1d?
769c23
In base 7, what is 5 - 400515162?
-400515154
In base 12, what is 232 + -105a4?
-10372
In base 5, what is 30142344 - -2034?
30144433
In base 11, what is -1090 + 119522?
118442
In base 11, what is 2a50167 - -2?
2a50169
In base 8, what is -143750 - -1460?
-142270
In base 4, what is 223303032 - -100111?
230003203
In base 9, what is 15 + 1332220?
1332235
In base 12, what is 14447b - -25?
1444a4
In base 11, what is a + -2302721?
-2302712
In base 2, what is 10000111101010100 - -101010?
10000111101111110
In base 8, what is -5177114 + -3?
-5177117
In base 3, what is 221220200022102 - 10?
221220200022022
In base 14, what is -62dd2 - -49?
-62d87
In base 2, what is 111111110000100011100 - 101100?
111111110000011110000
In base 7, what is 435421012 + -2?
435421010
In base 11, what is -41 - -721120?
72108a
In base 7, what is -6603150 + 6?
-6603141
In base 4, what is -2 - 10323333011?
-10323333013
In base 10, what is 0 - -7349198?
7349198
In base 16, what is -e7f5024 + -2?
-e7f5026
In base 14, what is -50775d - -12?
-50774b
In base 12, what is a + 24a8311?
24a831b
In base 9, what is 4 + -70273668?
-70273664
In base 6, what is 24 + -503442512?
-503442444
In base 14, what is 39c3 + 1028a?
13c6d
In base 13, what is 441 - 3c042?
-3b901
In base 7, what is -503140314 - -4?
-503140310
In base 4, what is -3300 + -233231213?
-233301113
In base 13, what is 7b682 + -11?
7b671
In base 11, what is -1852 - 985?
-2727
In base 12, what is b - 779700?
-7796b1
In base 12, what is -25 - -91545?
91520
In base 10, what is -29 + -244131?
-244160
In base 6, what is 503240022 + 5?
503240031
In base 2, what is -111011001100101100100000 + -101?
-111011001100101100100101
In base 15, what is -3299561 - -2?
-329955e
In base 4, what is -302300 - 13330210?
-20233110
In base 15, what is -45 - -3197?
3152
In base 11, what is -a - -19a9199?
19a918a
In base 14, what is -42c - -2206?
1bb8
In base 13, what is 2429b4 - 79?
242938
In base 14, what is -5 - -4b8cda5?
4b8cda0
In base 15, what is -37 + -2bed3?
-2c01a
In base 5, what is 21312 + 10232433?
10304300
In base 14, what is 115a - 205d?
-d03
In base 5, what is 22120 - 4422130?
-4400010
In base 10, what is 98 - 112478?
-112380
In base 13, what is -210a7 + 1ca?
-20baa
In base 16, what is 0 + -6a6e8b?
-6a6e8b
In base 7, what is -144110 - -116043?
-25034
In base 16, what is 39480 - -18?
39498
In base 3, what is 221002111100 - -20222?
221002202022
In base 6, what is 21413 + 54550?
120403
In base 8, what is 4 - 2000462443?
-2000462437
In base 9, what is -2205 - 16275?
-18481
In base 15, what is -1 + b26799?
b26798
In base 11, what is -4 - 40